{"id":440,"date":"2025-03-09T17:26:26","date_gmt":"2025-03-09T20:26:26","guid":{"rendered":"https:\/\/farofino.ag\/?page_id=440"},"modified":"2025-03-10T14:42:42","modified_gmt":"2025-03-10T17:42:42","slug":"site_03-2025","status":"publish","type":"page","link":"https:\/\/farofino.ag\/index.php\/home\/site_03-2025\/","title":{"rendered":"Elementor #22 &#8211; [Cloned #22]"},"content":{"rendered":"\t\t<div data-elementor-type=\"wp-page\" data-elementor-id=\"440\" class=\"elementor elementor-440\" data-elementor-settings=\"{&quot;ha_cmc_init_switcher&quot;:&quot;no&quot;}\">\n\t\t\t\t<div class=\"elementor-element elementor-element-1bd4eef e-flex e-con-boxed e-con e-parent\" data-id=\"1bd4eef\" data-element_type=\"container\" data-settings=\"{&quot;background_background&quot;:&quot;classic&quot;,&quot;_ha_eqh_enable&quot;:false}\">\n\t\t\t\t\t<div class=\"e-con-inner\">\n\t\t\t\t<div class=\"elementor-element elementor-element-216bc0d elementor-widget elementor-widget-html\" data-id=\"216bc0d\" data-element_type=\"widget\" data-widget_type=\"html.default\">\n\t\t\t\t<div class=\"elementor-widget-container\">\n\t\t\t\t\t<script src=\"https:\/\/unpkg.com\/@dotlottie\/player-component@latest\/dist\/dotlottie-player.mjs\" type=\"module\"><\/script><dotlottie-player src=\"https:\/\/lottie.host\/0a575d71-4a81-4d3a-89c8-d2bca908c26b\/JfRMVN09yJ.lottie\" background=\"#000000\" speed=\"1\" style=\"width: 1140 12px; height: 402px\" direction=\"1\" mode=\"normal\" loop autoplay><\/dotlottie-player>\t\t\t\t<\/div>\n\t\t\t\t<\/div>\n\t\t\t\t\t<\/div>\n\t\t\t\t<\/div>\n\t\t<div class=\"elementor-element elementor-element-4a964d4 e-con-full e-flex e-con e-child\" data-id=\"4a964d4\" data-element_type=\"container\" data-settings=\"{&quot;background_background&quot;:&quot;classic&quot;,&quot;_ha_eqh_enable&quot;:false}\">\n\t\t\t\t<div class=\"elementor-element elementor-element-9ed71f3 elementor-widget__width-initial mdw-hs-movement-translate-y-20-reverse elementor-invisible elementor-widget elementor-widget-heading\" data-id=\"9ed71f3\" data-element_type=\"widget\" data-settings=\"{&quot;_animation&quot;:&quot;fadeInUp&quot;}\" data-widget_type=\"heading.default\">\n\t\t\t\t<div class=\"elementor-widget-container\">\n\t\t\t\t\t<h2 class=\"elementor-heading-title elementor-size-default\">Temos algumas cren\u00e7as:\na principal delas \u00e9 que o conte\u00fado \u00e9 o mais importante.<\/h2>\t\t\t\t<\/div>\n\t\t\t\t<\/div>\n\t\t<div class=\"elementor-element elementor-element-15be2ee e-flex e-con-boxed e-con e-child\" data-id=\"15be2ee\" data-element_type=\"container\" data-settings=\"{&quot;_ha_eqh_enable&quot;:false}\">\n\t\t\t\t\t<div class=\"e-con-inner\">\n\t\t\t\t<div class=\"elementor-element elementor-element-5b1971b elementor-widget__width-initial elementor-widget elementor-widget-image\" data-id=\"5b1971b\" data-element_type=\"widget\" data-widget_type=\"image.default\">\n\t\t\t\t<div class=\"elementor-widget-container\">\n\t\t\t\t\t\t\t\t\t\t\t\t\t\t\t<img fetchpriority=\"high\" decoding=\"async\" width=\"928\" height=\"928\" src=\"https:\/\/farofino.ag\/wp-content\/uploads\/2025\/03\/Cookies.png\" class=\"attachment-large size-large wp-image-444\" alt=\"\" srcset=\"https:\/\/farofino.ag\/wp-content\/uploads\/2025\/03\/Cookies.png 928w, https:\/\/farofino.ag\/wp-content\/uploads\/2025\/03\/Cookies-300x300.png 300w, https:\/\/farofino.ag\/wp-content\/uploads\/2025\/03\/Cookies-150x150.png 150w, https:\/\/farofino.ag\/wp-content\/uploads\/2025\/03\/Cookies-768x768.png 768w, https:\/\/farofino.ag\/wp-content\/uploads\/2025\/03\/Cookies-650x650.png 650w\" sizes=\"(max-width: 928px) 100vw, 928px\" \/>\t\t\t\t\t\t\t\t\t\t\t\t\t\t\t<\/div>\n\t\t\t\t<\/div>\n\t\t\t\t<div class=\"elementor-element elementor-element-d143547 elementor-widget__width-initial elementor-widget elementor-widget-image\" data-id=\"d143547\" data-element_type=\"widget\" data-widget_type=\"image.default\">\n\t\t\t\t<div class=\"elementor-widget-container\">\n\t\t\t\t\t\t\t\t\t\t\t\t\t\t\t<img decoding=\"async\" width=\"928\" height=\"928\" src=\"https:\/\/farofino.ag\/wp-content\/uploads\/2025\/03\/Funil.png\" class=\"attachment-large size-large wp-image-442\" alt=\"\" srcset=\"https:\/\/farofino.ag\/wp-content\/uploads\/2025\/03\/Funil.png 928w, https:\/\/farofino.ag\/wp-content\/uploads\/2025\/03\/Funil-300x300.png 300w, https:\/\/farofino.ag\/wp-content\/uploads\/2025\/03\/Funil-150x150.png 150w, https:\/\/farofino.ag\/wp-content\/uploads\/2025\/03\/Funil-768x768.png 768w, https:\/\/farofino.ag\/wp-content\/uploads\/2025\/03\/Funil-650x650.png 650w\" sizes=\"(max-width: 928px) 100vw, 928px\" \/>\t\t\t\t\t\t\t\t\t\t\t\t\t\t\t<\/div>\n\t\t\t\t<\/div>\n\t\t\t\t<div class=\"elementor-element elementor-element-b47a99f elementor-widget__width-initial elementor-widget elementor-widget-image\" data-id=\"b47a99f\" data-element_type=\"widget\" data-widget_type=\"image.default\">\n\t\t\t\t<div class=\"elementor-widget-container\">\n\t\t\t\t\t\t\t\t\t\t\t\t\t\t\t<img decoding=\"async\" width=\"928\" height=\"928\" src=\"https:\/\/farofino.ag\/wp-content\/uploads\/2025\/03\/TAG.png\" class=\"attachment-large size-large wp-image-443\" alt=\"\" srcset=\"https:\/\/farofino.ag\/wp-content\/uploads\/2025\/03\/TAG.png 928w, https:\/\/farofino.ag\/wp-content\/uploads\/2025\/03\/TAG-300x300.png 300w, https:\/\/farofino.ag\/wp-content\/uploads\/2025\/03\/TAG-150x150.png 150w, https:\/\/farofino.ag\/wp-content\/uploads\/2025\/03\/TAG-768x768.png 768w, https:\/\/farofino.ag\/wp-content\/uploads\/2025\/03\/TAG-650x650.png 650w\" sizes=\"(max-width: 928px) 100vw, 928px\" \/>\t\t\t\t\t\t\t\t\t\t\t\t\t\t\t<\/div>\n\t\t\t\t<\/div>\n\t\t\t\t\t<\/div>\n\t\t\t\t<\/div>\n\t\t\t\t<\/div>\n\t\t<div class=\"elementor-element elementor-element-c3b01dc e-con-full e-flex e-con e-child\" data-id=\"c3b01dc\" data-element_type=\"container\" data-settings=\"{&quot;background_background&quot;:&quot;classic&quot;,&quot;_ha_eqh_enable&quot;:false}\">\n\t\t<div class=\"elementor-element elementor-element-ee9532e e-con-full e-flex elementor-invisible e-con e-child\" data-id=\"ee9532e\" data-element_type=\"container\" data-settings=\"{&quot;animation&quot;:&quot;fadeInUp&quot;,&quot;_ha_eqh_enable&quot;:false}\">\n\t\t\t\t<div class=\"elementor-element elementor-element-c3e8d3d elementor-widget__width-initial elementor-widget elementor-widget-heading\" data-id=\"c3e8d3d\" data-element_type=\"widget\" data-widget_type=\"heading.default\">\n\t\t\t\t<div class=\"elementor-widget-container\">\n\t\t\t\t\t<h2 class=\"elementor-heading-title elementor-size-default\">Nosso modelo n\u00e3o \u00e9 novo nem velho: \u00e9<span style=\"font-weight: 800\"> justo<\/span><\/h2>\t\t\t\t<\/div>\n\t\t\t\t<\/div>\n\t\t\t\t<\/div>\n\t\t\t\t<\/div>\n\t\t<div class=\"elementor-element elementor-element-296dd5e e-flex e-con-boxed e-con e-parent\" data-id=\"296dd5e\" data-element_type=\"container\" data-settings=\"{&quot;background_background&quot;:&quot;classic&quot;,&quot;_ha_eqh_enable&quot;:false}\">\n\t\t\t\t\t<div class=\"e-con-inner\">\n\t\t<div class=\"elementor-element elementor-element-d154b51 e-flex e-con-boxed e-con e-child\" data-id=\"d154b51\" data-element_type=\"container\" data-settings=\"{&quot;background_background&quot;:&quot;classic&quot;,&quot;_ha_eqh_enable&quot;:false}\">\n\t\t\t\t\t<div class=\"e-con-inner\">\n\t\t\t\t<div class=\"elementor-element elementor-element-43b165a elementor-widget elementor-widget-heading\" data-id=\"43b165a\" data-element_type=\"widget\" data-widget_type=\"heading.default\">\n\t\t\t\t<div class=\"elementor-widget-container\">\n\t\t\t\t\t<h2 class=\"elementor-heading-title elementor-size-default\"><b>Na Farofino os clientes s\u00f3 pagam por aquilo que precisam de fato.<\/b><\/h2>\t\t\t\t<\/div>\n\t\t\t\t<\/div>\n\t\t\t\t\t<\/div>\n\t\t\t\t<\/div>\n\t\t\t\t\t<\/div>\n\t\t\t\t<\/div>\n\t\t<div class=\"elementor-element elementor-element-8f0eb9b e-con-full e-flex e-con e-parent\" data-id=\"8f0eb9b\" data-element_type=\"container\" data-settings=\"{&quot;background_background&quot;:&quot;classic&quot;,&quot;_ha_eqh_enable&quot;:false}\">\n\t\t\t\t<div class=\"elementor-element elementor-element-292448c mdw-hs-movement-translate-x-20 elementor-widget elementor-widget-heading\" data-id=\"292448c\" data-element_type=\"widget\" data-widget_type=\"heading.default\">\n\t\t\t\t<div class=\"elementor-widget-container\">\n\t\t\t\t\t<h2 class=\"elementor-heading-title elementor-size-default\"><b>Plug &amp; Play:<\/b> Squads montados de acordo com a necessidade de cada cliente   |   <b>Agilidade &amp; Qualidade:<\/b> processos \u00e1geis e descomplicados para entregas com mais qualidade<\/h2>\t\t\t\t<\/div>\n\t\t\t\t<\/div>\n\t\t\t\t<\/div>\n\t\t<div class=\"elementor-element elementor-element-42fc7e4 e-flex e-con-boxed e-con e-parent\" data-id=\"42fc7e4\" data-element_type=\"container\" data-settings=\"{&quot;background_background&quot;:&quot;classic&quot;,&quot;_ha_eqh_enable&quot;:false}\">\n\t\t\t\t\t<div class=\"e-con-inner\">\n\t\t<div class=\"elementor-element elementor-element-ad80c49 e-flex e-con-boxed e-con e-child\" data-id=\"ad80c49\" data-element_type=\"container\" data-settings=\"{&quot;_ha_eqh_enable&quot;:false}\">\n\t\t\t\t\t<div class=\"e-con-inner\">\n\t\t\t\t<div class=\"elementor-element elementor-element-64066af elementor-widget__width-initial elementor-widget-tablet_extra__width-initial elementor-widget elementor-widget-heading\" data-id=\"64066af\" data-element_type=\"widget\" data-widget_type=\"heading.default\">\n\t\t\t\t<div class=\"elementor-widget-container\">\n\t\t\t\t\t<h2 class=\"elementor-heading-title elementor-size-default\"><b>Que tal um caf\u00e9?\nPode ser virtual, <br>\n\u00e9 s\u00f3 clicar ao lado.<\/b><\/h2>\t\t\t\t<\/div>\n\t\t\t\t<\/div>\n\t\t<div class=\"elementor-element elementor-element-7037f0b e-con-full e-flex e-con e-child\" data-id=\"7037f0b\" data-element_type=\"container\" data-settings=\"{&quot;background_background&quot;:&quot;classic&quot;,&quot;_ha_eqh_enable&quot;:false}\">\n\t\t\t\t<div class=\"elementor-element elementor-element-353a27e elementor-button-info elementor-widget elementor-widget-button\" data-id=\"353a27e\" data-element_type=\"widget\" data-widget_type=\"button.default\">\n\t\t\t\t<div class=\"elementor-widget-container\">\n\t\t\t\t\t\t\t\t\t<div class=\"elementor-button-wrapper\">\n\t\t\t\t\t<a class=\"elementor-button elementor-button-link elementor-size-sm\" href=\"mailto:contato@farofino.com.br\">\n\t\t\t\t\t\t<span class=\"elementor-button-content-wrapper\">\n\t\t\t\t\t\t\t\t\t<span class=\"elementor-button-text\">Quero um caf\u00e9<\/span>\n\t\t\t\t\t<\/span>\n\t\t\t\t\t<\/a>\n\t\t\t\t<\/div>\n\t\t\t\t\t\t\t\t<\/div>\n\t\t\t\t<\/div>\n\t\t\t\t<\/div>\n\t\t\t\t\t<\/div>\n\t\t\t\t<\/div>\n\t\t\t\t\t<\/div>\n\t\t\t\t<\/div>\n\t\t<div class=\"elementor-element elementor-element-3fc5634 e-flex e-con-boxed e-con e-parent\" data-id=\"3fc5634\" data-element_type=\"container\" data-settings=\"{&quot;background_background&quot;:&quot;classic&quot;,&quot;_ha_eqh_enable&quot;:false}\">\n\t\t\t\t\t<div class=\"e-con-inner\">\n\t\t\t\t<div class=\"elementor-element elementor-element-6ad697b elementor-widget__width-initial elementor-widget-tablet_extra__width-initial elementor-widget elementor-widget-heading\" data-id=\"6ad697b\" data-element_type=\"widget\" data-widget_type=\"heading.default\">\n\t\t\t\t<div class=\"elementor-widget-container\">\n\t\t\t\t\t<h2 class=\"elementor-heading-title elementor-size-default\">No brain,<\/h2>\t\t\t\t<\/div>\n\t\t\t\t<\/div>\n\t\t\t\t<div class=\"elementor-element elementor-element-1f00eac elementor-widget elementor-widget-image\" data-id=\"1f00eac\" data-element_type=\"widget\" data-widget_type=\"image.default\">\n\t\t\t\t<div class=\"elementor-widget-container\">\n\t\t\t\t\t\t\t\t\t\t\t\t\t\t\t<img loading=\"lazy\" decoding=\"async\" width=\"305\" height=\"325\" src=\"https:\/\/farofino.ag\/wp-content\/uploads\/2025\/03\/Prancheta-6.png\" class=\"attachment-large size-large wp-image-468\" alt=\"\" srcset=\"https:\/\/farofino.ag\/wp-content\/uploads\/2025\/03\/Prancheta-6.png 305w, https:\/\/farofino.ag\/wp-content\/uploads\/2025\/03\/Prancheta-6-282x300.png 282w\" sizes=\"(max-width: 305px) 100vw, 305px\" \/>\t\t\t\t\t\t\t\t\t\t\t\t\t\t\t<\/div>\n\t\t\t\t<\/div>\n\t\t\t\t<div class=\"elementor-element elementor-element-f4971ab elementor-widget__width-initial elementor-widget-tablet_extra__width-initial elementor-widget elementor-widget-heading\" data-id=\"f4971ab\" data-element_type=\"widget\" data-widget_type=\"heading.default\">\n\t\t\t\t<div class=\"elementor-widget-container\">\n\t\t\t\t\t<h2 class=\"elementor-heading-title elementor-size-default\"><b>no gain<\/b><\/h2>\t\t\t\t<\/div>\n\t\t\t\t<\/div>\n\t\t\t\t\t<\/div>\n\t\t\t\t<\/div>\n\t\t<div class=\"elementor-element elementor-element-ff438fe e-flex e-con-boxed e-con e-parent\" data-id=\"ff438fe\" data-element_type=\"container\" data-settings=\"{&quot;_ha_eqh_enable&quot;:false}\">\n\t\t\t\t\t<div class=\"e-con-inner\">\n\t\t\t\t<div class=\"elementor-element elementor-element-27b70c7 elementor-widget elementor-widget-heading\" data-id=\"27b70c7\" data-element_type=\"widget\" data-widget_type=\"heading.default\">\n\t\t\t\t<div class=\"elementor-widget-container\">\n\t\t\t\t\t<h2 class=\"elementor-heading-title elementor-size-default\"><b>Tks pela visita.<\/b> N\u00e3o deixe de nos acompanhar nas redes sociais:<\/h2>\t\t\t\t<\/div>\n\t\t\t\t<\/div>\n\t\t<div class=\"elementor-element elementor-element-92d0395 e-con-full e-flex e-con e-child\" data-id=\"92d0395\" data-element_type=\"container\" data-settings=\"{&quot;background_background&quot;:&quot;classic&quot;,&quot;_ha_eqh_enable&quot;:false}\">\n\t\t\t\t<div class=\"elementor-element elementor-element-31618c9 elementor-widget__width-inherit elementor-view-default elementor-widget elementor-widget-icon\" data-id=\"31618c9\" data-element_type=\"widget\" data-widget_type=\"icon.default\">\n\t\t\t\t<div class=\"elementor-widget-container\">\n\t\t\t\t\t\t\t<div class=\"elementor-icon-wrapper\">\n\t\t\t<a class=\"elementor-icon\" href=\"http:\/\/www.instagram.com\/farofino.ag\">\n\t\t\t<svg aria-hidden=\"true\" class=\"e-font-icon-svg e-fab-instagram\" viewBox=\"0 0 448 512\" xmlns=\"http:\/\/www.w3.org\/2000\/svg\"><path d=\"M224.1 141c-63.6 0-114.9 51.3-114.9 114.9s51.3 114.9 114.9 114.9S339 319.5 339 255.9 287.7 141 224.1 141zm0 189.6c-41.1 0-74.7-33.5-74.7-74.7s33.5-74.7 74.7-74.7 74.7 33.5 74.7 74.7-33.6 74.7-74.7 74.7zm146.4-194.3c0 14.9-12 26.8-26.8 26.8-14.9 0-26.8-12-26.8-26.8s12-26.8 26.8-26.8 26.8 12 26.8 26.8zm76.1 27.2c-1.7-35.9-9.9-67.7-36.2-93.9-26.2-26.2-58-34.4-93.9-36.2-37-2.1-147.9-2.1-184.9 0-35.8 1.7-67.6 9.9-93.9 36.1s-34.4 58-36.2 93.9c-2.1 37-2.1 147.9 0 184.9 1.7 35.9 9.9 67.7 36.2 93.9s58 34.4 93.9 36.2c37 2.1 147.9 2.1 184.9 0 35.9-1.7 67.7-9.9 93.9-36.2 26.2-26.2 34.4-58 36.2-93.9 2.1-37 2.1-147.8 0-184.8zM398.8 388c-7.8 19.6-22.9 34.7-42.6 42.6-29.5 11.7-99.5 9-132.1 9s-102.7 2.6-132.1-9c-19.6-7.8-34.7-22.9-42.6-42.6-11.7-29.5-9-99.5-9-132.1s-2.6-102.7 9-132.1c7.8-19.6 22.9-34.7 42.6-42.6 29.5-11.7 99.5-9 132.1-9s102.7-2.6 132.1 9c19.6 7.8 34.7 22.9 42.6 42.6 11.7 29.5 9 99.5 9 132.1s2.7 102.7-9 132.1z\"><\/path><\/svg>\t\t\t<\/a>\n\t\t<\/div>\n\t\t\t\t\t\t<\/div>\n\t\t\t\t<\/div>\n\t\t\t\t<\/div>\n\t\t<div class=\"elementor-element elementor-element-705631f e-con-full e-flex e-con e-child\" data-id=\"705631f\" data-element_type=\"container\" data-settings=\"{&quot;background_background&quot;:&quot;classic&quot;,&quot;_ha_eqh_enable&quot;:false}\">\n\t\t\t\t<div class=\"elementor-element elementor-element-3a061a8 elementor-widget__width-inherit elementor-view-default elementor-widget elementor-widget-icon\" data-id=\"3a061a8\" data-element_type=\"widget\" data-widget_type=\"icon.default\">\n\t\t\t\t<div class=\"elementor-widget-container\">\n\t\t\t\t\t\t\t<div class=\"elementor-icon-wrapper\">\n\t\t\t<a class=\"elementor-icon\" href=\"http:\/\/www.youtube.com\/@Farofino-ag\">\n\t\t\t<svg aria-hidden=\"true\" class=\"e-font-icon-svg e-fab-youtube\" viewBox=\"0 0 576 512\" xmlns=\"http:\/\/www.w3.org\/2000\/svg\"><path d=\"M549.655 124.083c-6.281-23.65-24.787-42.276-48.284-48.597C458.781 64 288 64 288 64S117.22 64 74.629 75.486c-23.497 6.322-42.003 24.947-48.284 48.597-11.412 42.867-11.412 132.305-11.412 132.305s0 89.438 11.412 132.305c6.281 23.65 24.787 41.5 48.284 47.821C117.22 448 288 448 288 448s170.78 0 213.371-11.486c23.497-6.321 42.003-24.171 48.284-47.821 11.412-42.867 11.412-132.305 11.412-132.305s0-89.438-11.412-132.305zm-317.51 213.508V175.185l142.739 81.205-142.739 81.201z\"><\/path><\/svg>\t\t\t<\/a>\n\t\t<\/div>\n\t\t\t\t\t\t<\/div>\n\t\t\t\t<\/div>\n\t\t\t\t<\/div>\n\t\t<div class=\"elementor-element elementor-element-f6ef68f e-con-full e-flex e-con e-child\" data-id=\"f6ef68f\" data-element_type=\"container\" data-settings=\"{&quot;background_background&quot;:&quot;classic&quot;,&quot;_ha_eqh_enable&quot;:false}\">\n\t\t\t\t<div class=\"elementor-element elementor-element-5c88bfc elementor-widget__width-inherit elementor-view-default elementor-widget elementor-widget-icon\" data-id=\"5c88bfc\" data-element_type=\"widget\" data-widget_type=\"icon.default\">\n\t\t\t\t<div class=\"elementor-widget-container\">\n\t\t\t\t\t\t\t<div class=\"elementor-icon-wrapper\">\n\t\t\t<a class=\"elementor-icon\" href=\"http:\/\/www.linkedin.com\/company\/farofino-ag\/\">\n\t\t\t<svg aria-hidden=\"true\" class=\"e-font-icon-svg e-fab-linkedin-in\" viewBox=\"0 0 448 512\" xmlns=\"http:\/\/www.w3.org\/2000\/svg\"><path d=\"M100.28 448H7.4V148.9h92.88zM53.79 108.1C24.09 108.1 0 83.5 0 53.8a53.79 53.79 0 0 1 107.58 0c0 29.7-24.1 54.3-53.79 54.3zM447.9 448h-92.68V302.4c0-34.7-.7-79.2-48.29-79.2-48.29 0-55.69 37.7-55.69 76.7V448h-92.78V148.9h89.08v40.8h1.3c12.4-23.5 42.69-48.3 87.88-48.3 94 0 111.28 61.9 111.28 142.3V448z\"><\/path><\/svg>\t\t\t<\/a>\n\t\t<\/div>\n\t\t\t\t\t\t<\/div>\n\t\t\t\t<\/div>\n\t\t\t\t<\/div>\n\t\t\t\t\t<\/div>\n\t\t\t\t<\/div>\n\t\t<div class=\"elementor-element elementor-element-9c5ba91 e-flex e-con-boxed e-con e-parent\" data-id=\"9c5ba91\" data-element_type=\"container\" data-settings=\"{&quot;background_background&quot;:&quot;classic&quot;,&quot;_ha_eqh_enable&quot;:false}\">\n\t\t\t\t\t<div class=\"e-con-inner\">\n\t\t<div class=\"elementor-element elementor-element-47a11f5 e-con-full e-flex e-con e-child\" data-id=\"47a11f5\" data-element_type=\"container\" data-settings=\"{&quot;_ha_eqh_enable&quot;:false}\">\n\t\t\t\t<div class=\"elementor-element elementor-element-8641f25 elementor-view-default elementor-widget elementor-widget-icon\" data-id=\"8641f25\" data-element_type=\"widget\" data-widget_type=\"icon.default\">\n\t\t\t\t<div class=\"elementor-widget-container\">\n\t\t\t\t\t\t\t<div class=\"elementor-icon-wrapper\">\n\t\t\t<div class=\"elementor-icon\">\n\t\t\t<svg xmlns=\"http:\/\/www.w3.org\/2000\/svg\" viewBox=\"0 0 1532 364\" width=\"1532\" height=\"364\"><title>Vector Smart Object-ai<\/title><style>\t\t.s0 { fill: #fefefe } \t<\/style><g id=\"Layer 1\"><g id=\"&lt;Group&gt;\"><path id=\"&lt;Compound Path&gt;\" class=\"s0\" d=\"m245.2 114.9h-107.3v80.6h70.3v7h-70.3v104.9h-76v-256h183.3z\"><\/path><path id=\"&lt;Compound Path&gt;\" fill-rule=\"evenodd\" class=\"s0\" d=\"m437 192.6v114.8h-74.2v-95.7h-3.5c-1.7 57.6-15.5 100.3-66.4 101-32.5 0.4-56.5-15.2-56.5-48 0-45.9 48.4-59.7 126.4-60v-12.1c0-20.4-10.9-28.2-26.8-28.2-26.8 0-31.1 21.9-28.6 33.2l-65.7-7.1c-3.5-44.1 33.9-86.1 94.3-86.1 66.4 0 101 34.9 101 88.2zm-83 19.5c-26.1 1.7-46.2 10.2-46.2 29.3 0 18 11.6 24.7 25.7 21.9 16.6-3.2 19.8-25.8 20.5-51.2z\"><\/path><path id=\"&lt;Compound Path&gt;\" class=\"s0\" d=\"m649.3 214.9l-69.2-7.1c5.2-31.4 0.3-50.5-15.2-50.5-21.9 0-26.2 45.2-26.2 67.5v82.6h-74.1v-197.8h67.1l3.1 74.6h3.6c3.2-43.1 14.8-79.8 57.5-79.8 55.8 0 69.6 42.7 53.4 110.5z\"><\/path><path id=\"&lt;Compound Path&gt;\" fill-rule=\"evenodd\" class=\"s0\" d=\"m822 114.2c37.4 16.6 58.3 52.3 58.3 94.3 0 58-40 104.2-107.8 104.2-67.8 0-108-46.2-108-104.2 0-57.9 40.2-104.1 108-104.1h84.8v7h-35.3zm-15.9 94.3c0-30-12.4-45.2-33.6-45.2-21.2 0-33.9 15.2-33.9 45.2 0 30 12.7 45.2 33.9 45.2 21.2 0 33.6-15.2 33.6-45.2z\"><\/path><path id=\"&lt;Compound Path&gt;\" class=\"s0\" d=\"m932.5 109.6h65.4v14.5h-65.4v183.3h-18v-183.3h-20.8v-14.5h20.8v-6c0-38.5 8.1-66 47.3-66.4 41.4-0.3 43.5 32.5 43.5 32.5l-9.9 11c0 0 0.3-29-30.7-29-29 0.4-32.2 23.7-32.2 51.9z\"><\/path><path id=\"&lt;Compound Path&gt;\" class=\"s0\" d=\"m1025.4 69c0-7.7 6.4-13.7 13.8-13.7 8.1 0 14.1 6 14.1 13.7 0 7.8-6 13.8-14.1 13.8-7.4 0-13.8-6-13.8-13.8zm4.6 238.4v-197.8h18.4v197.8z\"><\/path><path id=\"&lt;Compound Path&gt;\" class=\"s0\" d=\"m1271.9 195.1v112.3h-18v-112.3c0-55.8-22.2-76.3-63.2-76.3-63.2 0-69.6 65.4-69.6 88.3v100.3h-18v-197.8h15.9l0.7 65.4h1.4c6.4-37.1 25.4-69.9 75.2-69.9 61.5 0 75.6 39.5 75.6 90z\"><\/path><path id=\"&lt;Compound Path&gt;\" fill-rule=\"evenodd\" class=\"s0\" d=\"m1505.4 208.5c0 58.3-36.4 103.5-99.6 103.5-62.9 0-99.6-45.2-99.6-103.5 0-57.5 36.7-103.4 99.6-103.4h79.8v3.8h-44.9v1.5c41.4 13.7 64.7 52.2 64.7 98.1zm-18.7 0c0-56.1-34.3-88.6-80.9-88.6-46.6 0-81.3 32.8-81.3 88.6 0 56.5 34.7 88.7 81.3 88.7 46.6 0 80.9-32.2 80.9-88.7z\"><\/path><\/g><\/g><\/svg>\t\t\t<\/div>\n\t\t<\/div>\n\t\t\t\t\t\t<\/div>\n\t\t\t\t<\/div>\n\t\t\t\t<\/div>\n\t\t\t\t<div class=\"elementor-element elementor-element-18053ef elementor-widget elementor-widget-heading\" data-id=\"18053ef\" data-element_type=\"widget\" data-widget_type=\"heading.default\">\n\t\t\t\t<div class=\"elementor-widget-container\">\n\t\t\t\t\t<h2 class=\"elementor-heading-title elementor-size-default\">ESTRAT\u00c9GIA \/\/ CRIA\u00c7\u00c3O \/\/ DESIGN \/\/ INTUI\u00c7\u00c3O<\/h2>\t\t\t\t<\/div>\n\t\t\t\t<\/div>\n\t\t\t\t<div class=\"elementor-element elementor-element-a6d9990 elementor-widget elementor-widget-heading\" data-id=\"a6d9990\" data-element_type=\"widget\" data-widget_type=\"heading.default\">\n\t\t\t\t<div class=\"elementor-widget-container\">\n\t\t\t\t\t<h2 class=\"elementor-heading-title elementor-size-default\"><b>S\u00e3o Paulo, Brazil<\/b>     &amp;#3 &amp;#3    \t&amp;copy   Farofino 2023<\/h2>\t\t\t\t<\/div>\n\t\t\t\t<\/div>\n\t\t\t\t\t<\/div>\n\t\t\t\t<\/div>\n\t\t\t\t<\/div>\n\t\t","protected":false},"excerpt":{"rendered":"<p>Temos algumas cren\u00e7as: a principal delas \u00e9 que o conte\u00fado \u00e9 o mais importante. Nosso modelo n\u00e3o \u00e9 novo nem velho: \u00e9 justo Na Farofino os clientes s\u00f3 pagam por aquilo que precisam de fato. Plug &amp; Play: Squads montados de acordo com a necessidade de cada cliente | Agilidade &amp; Qualidade: processos \u00e1geis e [&hellip;]<\/p>\n","protected":false},"author":1,"featured_media":0,"parent":22,"menu_order":0,"comment_status":"closed","ping_status":"closed","template":"","meta":{"footnotes":""},"_links":{"self":[{"href":"https:\/\/farofino.ag\/index.php\/wp-json\/wp\/v2\/pages\/440"}],"collection":[{"href":"https:\/\/farofino.ag\/index.php\/wp-json\/wp\/v2\/pages"}],"about":[{"href":"https:\/\/farofino.ag\/index.php\/wp-json\/wp\/v2\/types\/page"}],"author":[{"embeddable":true,"href":"https:\/\/farofino.ag\/index.php\/wp-json\/wp\/v2\/users\/1"}],"replies":[{"embeddable":true,"href":"https:\/\/farofino.ag\/index.php\/wp-json\/wp\/v2\/comments?post=440"}],"version-history":[{"count":41,"href":"https:\/\/farofino.ag\/index.php\/wp-json\/wp\/v2\/pages\/440\/revisions"}],"predecessor-version":[{"id":854,"href":"https:\/\/farofino.ag\/index.php\/wp-json\/wp\/v2\/pages\/440\/revisions\/854"}],"up":[{"embeddable":true,"href":"https:\/\/farofino.ag\/index.php\/wp-json\/wp\/v2\/pages\/22"}],"wp:attachment":[{"href":"https:\/\/farofino.ag\/index.php\/wp-json\/wp\/v2\/media?parent=440"}],"curies":[{"name":"wp","href":"https:\/\/api.w.org\/{rel}","templated":true}]}}